{"id":27,"date":"2024-12-28T18:27:38","date_gmt":"2024-12-28T15:27:38","guid":{"rendered":"http:\/\/taskentanahtar.com\/?page_id=27"},"modified":"2024-12-29T17:38:39","modified_gmt":"2024-12-29T14:38:39","slug":"immobilizer","status":"publish","type":"page","link":"https:\/\/taskentanahtar.com\/index.php\/immobilizer\/","title":{"rendered":"\u0130mmobilizer"},"content":{"rendered":"\n<p>En yayg\u0131n risk kaza olsa da ara\u00e7 h\u0131rs\u0131zl\u0131\u011f\u0131 da s\u00fcr\u00fcc\u00fclerin dikkat etmesi gereken tehlikelerin ba\u015f\u0131nda geliyor. \u201cH\u0131rs\u0131zl\u0131\u011fa kar\u015f\u0131 nas\u0131l \u00f6nlem almak gerekir?\u201d diye d\u00fc\u015f\u00fcn\u00fcyorsan\u0131z da merak etmeyin, ara\u00e7lar\u0131n bu konuda geli\u015fmi\u015f bir sisteme sahip oldu\u011funu s\u00f6yleyebiliriz. Bu sistemin ismi ise immobilizer.&nbsp;<\/p>\n\n\n\n<p>\u0130mmobilizer, 2000\u2019lerden sonra ara\u00e7larda standart bir donan\u0131m haline geldi\u011fi i\u00e7in art\u0131k hemen her ara\u00e7ta bu sistem ile kar\u015f\u0131la\u015fmak m\u00fcmk\u00fcn.&nbsp; \u201cPeki, immobilizer nedir?\u201d diye merak ediyorsan\u0131z hemen a\u00e7\u0131klayal\u0131m.&nbsp;<\/p>\n\n\n\n<p>\u0130mmobilizer, asl\u0131nda bir ara\u00e7 g\u00fcvenlik sistemi. Ancak ara\u00e7 g\u00fcvenlik sistemleri genellikle arac\u0131n kaza olas\u0131l\u0131\u011f\u0131n\u0131 d\u00fc\u015f\u00fcrmeye ve kazadan sonra can g\u00fcvenli\u011fini sa\u011flamaya odaklansa da immobilizer sistemi, farkl\u0131 bir a\u00e7\u0131dan arac\u0131n g\u00fcvenli\u011fini sa\u011fl\u0131yor.<\/p>\n\n\n\n<p>H\u0131rs\u0131zl\u0131\u011fa kar\u015f\u0131 \u00f6nlem alman\u0131n yolu immobilizer sisteminden ge\u00e7iyor. \u00c7\u00fcnk\u00fc bu sistem, ara\u00e7 h\u0131rs\u0131zl\u0131\u011f\u0131nda s\u0131kl\u0131kla kar\u015f\u0131la\u015f\u0131lan d\u00fcz kontak y\u00f6ntemini engellemek i\u00e7in geli\u015ftirilmi\u015f bir teknoloji. \u0130mmobilizer sayesinde kontak anahtar\u0131 ve motor sistemi aras\u0131nda frekans e\u015fle\u015fmesi yap\u0131larak d\u00fcz kontak yani anahtars\u0131z arac\u0131 \u00e7al\u0131\u015ft\u0131rman\u0131n \u00f6n\u00fcne ge\u00e7iliyor.&nbsp;<\/p>\n\n\n\n<p><\/p>\n","protected":false},"excerpt":{"rendered":"<p>En yayg\u0131n risk kaza olsa da ara\u00e7 h\u0131rs\u0131zl\u0131\u011f\u0131 da s\u00fcr\u00fcc\u00fclerin dikkat etmesi gereken tehlikelerin ba\u015f\u0131nda geliyor. \u201cH\u0131rs\u0131zl\u0131\u011fa kar\u015f\u0131 nas\u0131l \u00f6nlem almak gerekir?\u201d diye d\u00fc\u015f\u00fcn\u00fcyorsan\u0131z da merak etmeyin, ara\u00e7lar\u0131n bu konuda geli\u015fmi\u015f bir sisteme sahip oldu\u011funu s\u00f6yleyebiliriz. Bu sistemin ismi ise immobilizer.&nbsp; \u0130mmobilizer, 2000\u2019lerden sonra ara\u00e7larda standart bir donan\u0131m haline geldi\u011fi i\u00e7in art\u0131k hemen her ara\u00e7ta [&hellip;]<\/p>\n","protected":false},"author":1,"featured_media":0,"parent":0,"menu_order":0,"comment_status":"closed","ping_status":"closed","template":"","meta":{"footnotes":""},"class_list":["post-27","page","type-page","status-publish","hentry"],"_links":{"self":[{"href":"https:\/\/taskentanahtar.com\/index.php\/wp-json\/wp\/v2\/pages\/27","targetHints":{"allow":["GET"]}}],"collection":[{"href":"https:\/\/taskentanahtar.com\/index.php\/wp-json\/wp\/v2\/pages"}],"about":[{"href":"https:\/\/taskentanahtar.com\/index.php\/wp-json\/wp\/v2\/types\/page"}],"author":[{"embeddable":true,"href":"https:\/\/taskentanahtar.com\/index.php\/wp-json\/wp\/v2\/users\/1"}],"replies":[{"embeddable":true,"href":"https:\/\/taskentanahtar.com\/index.php\/wp-json\/wp\/v2\/comments?post=27"}],"version-history":[{"count":3,"href":"https:\/\/taskentanahtar.com\/index.php\/wp-json\/wp\/v2\/pages\/27\/revisions"}],"predecessor-version":[{"id":172,"href":"https:\/\/taskentanahtar.com\/index.php\/wp-json\/wp\/v2\/pages\/27\/revisions\/172"}],"wp:attachment":[{"href":"https:\/\/taskentanahtar.com\/index.php\/wp-json\/wp\/v2\/media?parent=27"}],"curies":[{"name":"wp","href":"https:\/\/api.w.org\/{rel}","templated":true}]}}