{"id":31,"date":"2024-12-28T18:31:03","date_gmt":"2024-12-28T15:31:03","guid":{"rendered":"http:\/\/taskentanahtar.com\/?page_id=31"},"modified":"2024-12-29T16:32:52","modified_gmt":"2024-12-29T13:32:52","slug":"yedek-anahtar","status":"publish","type":"page","link":"https:\/\/taskentanahtar.com\/index.php\/yedek-anahtar\/","title":{"rendered":"Yedek Anahtar"},"content":{"rendered":"\n<p><strong>Yedek Anahtar Yap\u0131m\u0131<\/strong> <strong>ve kopyalama<\/strong><\/p>\n\n\n\n<p>Yedek anahtar ihtiyac\u0131n\u0131z varsa i\u015fyerimize bekliyoruz. Her marka araca yedek anahtarlar yap\u0131l\u0131r<\/p>\n\n\n\n<p>Ev ara\u00e7 gibi yedek anahtar tamir ve yedek anahtar \u00e7\u0131kart\u0131yoruz. Hizmetlerimizi eksiksiz uygular\u0131z. Anahtar kaybolma gibi durumlarda tam hizmet veririz merkezimiz Esentepe\/Karab\u00fck<\/p>\n\n\n\n<p>Oto Anahtar servisine g\u00fcvenle Anahtar yapt\u0131rabilirsiniz size Oto anahtar hizmeti sunmaktay\u0131z.<\/p>\n\n\n\n<p>Oto Anahtar sizlere her model anahtarlar i\u00e7in kumandal\u0131 ve kumandas\u0131z oto anahtar yap\u0131m hizmeti sunmaktay\u0131z.<\/p>\n\n\n\n<p><\/p>\n","protected":false},"excerpt":{"rendered":"<p>Yedek Anahtar Yap\u0131m\u0131 ve kopyalama Yedek anahtar ihtiyac\u0131n\u0131z varsa i\u015fyerimize bekliyoruz. Her marka araca yedek anahtarlar yap\u0131l\u0131r Ev ara\u00e7 gibi yedek anahtar tamir ve yedek anahtar \u00e7\u0131kart\u0131yoruz. Hizmetlerimizi eksiksiz uygular\u0131z. Anahtar kaybolma gibi durumlarda tam hizmet veririz merkezimiz Esentepe\/Karab\u00fck Oto Anahtar servisine g\u00fcvenle Anahtar yapt\u0131rabilirsiniz size Oto anahtar hizmeti sunmaktay\u0131z. Oto Anahtar sizlere her model [&hellip;]<\/p>\n","protected":false},"author":1,"featured_media":0,"parent":0,"menu_order":0,"comment_status":"closed","ping_status":"closed","template":"","meta":{"footnotes":""},"class_list":["post-31","page","type-page","status-publish","hentry"],"_links":{"self":[{"href":"https:\/\/taskentanahtar.com\/index.php\/wp-json\/wp\/v2\/pages\/31","targetHints":{"allow":["GET"]}}],"collection":[{"href":"https:\/\/taskentanahtar.com\/index.php\/wp-json\/wp\/v2\/pages"}],"about":[{"href":"https:\/\/taskentanahtar.com\/index.php\/wp-json\/wp\/v2\/types\/page"}],"author":[{"embeddable":true,"href":"https:\/\/taskentanahtar.com\/index.php\/wp-json\/wp\/v2\/users\/1"}],"replies":[{"embeddable":true,"href":"https:\/\/taskentanahtar.com\/index.php\/wp-json\/wp\/v2\/comments?post=31"}],"version-history":[{"count":4,"href":"https:\/\/taskentanahtar.com\/index.php\/wp-json\/wp\/v2\/pages\/31\/revisions"}],"predecessor-version":[{"id":133,"href":"https:\/\/taskentanahtar.com\/index.php\/wp-json\/wp\/v2\/pages\/31\/revisions\/133"}],"wp:attachment":[{"href":"https:\/\/taskentanahtar.com\/index.php\/wp-json\/wp\/v2\/media?parent=31"}],"curies":[{"name":"wp","href":"https:\/\/api.w.org\/{rel}","templated":true}]}}